se -5*u - 4*c + 18 = 0, 4 = -2*u - 3*c + 7*c. Let p = 17 - u. What are the prime factors of p?
3, 5
Suppose m = 5*m - 20. Suppose m*j - l = 140, -9 - 111 = -5*j + 5*l. What are the prime factors of j?
29
Suppose -1060 = -4*r + 4*w, w = -5*r + 4*w + 1315. List the prime factors of r.
2, 5, 13
List the prime factors of 5268/28 - (-2)/(-14).
2, 47
Suppose 0 = -0*y + 4*y - 56. Let s(r) = r**3 - 2*r**2 - 2*r + 4. Let x be s(3). List the prime factors of 19/x - (-4)/y.
3
Let a(u) be the first derivative of -u**2/2 + 8*u + 1. Let x be a(6). Suppose -6*b + x*b = -8. List the prime factors of b.
2
Let b(l) = -5*l - 3. Let x be b(12). Let r = 90 + x. List the prime factors of r.
3
Suppose 6*w + 135 = 9*w. List the prime factors of w.
3, 5
Let a(g) = g**3 - 9*g**2 - 9*g - 5. Let m(k) = k + 7. Let c be m(-5). Suppose 0*l - c*l = -20. List the prime factors of a(l).
5
What are the prime factors of (-201)/(-134)*(10 - 0/(-2))?
3, 5
Suppose -n + 4 - 3 = 0. Let k be n - -9 - (-1 - -2). Let m = k - 3. List the prime factors of m.
2, 3
Let d(l) = 6 - 2 - 2*l + l**2 - 6*l. Let n be d(7). What are the prime factors of -1 + ((-30)/n)/1?
3
Suppose 2*j = -0 - 2, 3*j + 33 = 3*x. What are the prime factors of x?
2, 5
Let w(r) = -4*r - 3. Let l be w(-2). Suppose 1 = 3*g - 0*g + l*v, 0 = 3*g - v - 25. List the prime factors of g.
7
Suppose -y + 128 = 3*y. Let x = -23 + y. What are the prime factors of x?
3
Let z be 6 - -81 - (-4 + 1). Suppose -5*t + j = -z, -4*t + 71 + 1 = 3*j. What are the prime factors of t?
2, 3
Let o(r) = -4*r + 2 + 7*r + 0. List the prime factors of o(3).
11
Let k(u) = 21*u - 5. What are the prime factors of k(6)?
11
Let h = 188 + -86. List the prime factors of h.
2, 3, 17
Suppose -x - 2*x + 30 = 0. List the prime factors of x.
2, 5
Let o(k) = 18*k + 35. What are the prime factors of o(11)?
233
Let p = -950 + 1349. List the prime factors of p.
3, 7, 19
Suppose 0*h - s = 2*h - 735, 5*h + 3*s - 1839 = 0. What are the prime factors of h?
2, 3, 61
Let k be 3*3 + 6/(-2). List the prime factors of 4 - 1*(3 - k).
7
Let x(k) = 29*k**2 + k + 1. Let v be x(-1). List the prime factors of (-6)/9 + v/3.
3
Suppose 14 = w + 2*h, 0 = w + 3*w - h - 11. Let g = -1 + 3. Suppose -l = -2*k - 3*l + 10, -g*k = w*l. What are the prime factors of k?
2, 5
Let f(w) = 20*w - 18. What are the prime factors of f(6)?
2, 3, 17
Let d(w) = w**3 - 9*w**2 - 1. Let l be d(9). What are the prime factors of l/(-6) - (-663)/18?
37
Suppose -4*i + 4*z + 16 = -z, -8 = -2*i - 5*z. Suppose -m - w = m, 0 = i*w. List the prime factors of (-1 + m)*-2 + 3.
5
What are the prime factors of (8 - 7)*(-2)/(-4)*54?
3
Let o(d) = d**2 + d - 2. Let h be o(2). Suppose 2*j - h - 8 = 0. Suppose -4*v + a + 23 = j*a, -v + 4*a = -11. What are the prime factors of v?
7
Let u(r) = -r**2 - 6*r + 7. What are the prime factors of u(-6)?
7
Let g = 9 - 8. Suppose -g = 3*t - 76. List the prime factors of t.
5
Suppose 5*a - 20 = -2*y, 3*a + 8 = 3*y + 5*a. Suppose y = 5*i - 6 - 99. List the prime factors of (-2 - i/(-9))*33.
11
Let n(g) = g**2 + g. Let r be n(-8). Suppose -4*m + 3*p = 133, 2*p = -3*m - r - 48. Let s = -23 - m. List the prime factors of s.
11
Let m(h) = -h**3 + h. Let s be m(-1). Let l be ((-2)/5)/(3/(-15)). Suppose -2*z = -k - 19, -l = -z - k - s. What are the prime factors of z?
7
Let i(b) = 7*b**2 + 6*b - 4. List the prime factors of i(-3).
41
Let p be (-12)/20 - 6/(-10). Let h be p/2 - 2 - -8. Let l = h + -2. What are the prime factors of l?
2
Let p(j) = -3*j**2 + 4*j - 2. Let o(g) = -4*g**2 + 4*g - 2. Let i(z) = -4*o(z) + 5*p(z). List the prime factors of i(-6).
2, 5
Let y(f) = 3*f. Let d be y(1). Suppose j + 4*j = d*w, 3*j - w = 4. Suppose 2*s - 14 = 2*m, -4*s + 3 + 11 = j*m. What are the prime factors of s?
5
Let p = 21 - 14. What are the prime factors of p?
7
Suppose 2*i + 5*l - 48 = 0, 0 = 2*i + l + 3 - 51. Suppose -i = -0*c - 4*c. What are the prime factors of c?
2, 3
Let d = 178 + -121. List the prime factors of d.
3, 19
Let q(c) = -c**2 - 7*c - 6. Let g be q(-7). Let b(u) = u**3 + 7*u**2 + 3*u + 7. What are the prime factors of b(g)?
5
Let l = 1 - 1. Suppose 2*j = -l*j + 12. Suppose j = 5*z - 4. What are the prime factors of z?
2
Suppose 2*h + 30 = -4*o, 2*o + 1 = 5. List the prime factors of -4 - h - (-2)/(-2).
2, 7
Suppose 5*x = -v + 422, -v = -2*x - 17 + 183. List the prime factors of x.
2, 3, 7
Let l(i) = -4*i**2 - 12*i - 9. Let g(m) = m**2 + m - 1. Let z(d) = -3*g(d) - l(d). What are the prime factors of z(-9)?
2, 3
Let n(d) = d - 8. Let u be n(0). What are the prime factors of 14/(-4)*(u - -4)?
2, 7
Let d be ((-23)/1 - 0)*-7. Suppose 4*z - d - 79 = 0. Suppose 0 = g - 6*g + z. List the prime factors of g.
2, 3
List the prime factors of (0 - -18)*(-8)/(-8).
2, 3
Suppose s - 4 = 27. Suppose 0*y + y = s. List the prime factors of y.
31
Let t(p) = -p**3 - 9*p**2 + 11*p + 10. Let q be t(-10). What are the prime factors of q + 4 - 8/4?
2
Let z(s) = 2*s**2 + 4*s + 1. Let q(g) = -2*g**2 - 4*g - 1. Let b(u) = -3*q(u) - 2*z(u). List the prime factors of b(3).
31
Let s be (-26)/(1 + (-6)/10). Let t = s - -27. Let n = -26 - t. List the prime factors of n.
2, 3
Let x(r) be the second derivative of r**3/6 - 3*r**2/2 + 2*r. Let n be x(3). Suppose n = -4*t - 5 + 37. What are the prime factors of t?
2
Suppose 0 = 5*q - 2*n - 157, -n - 125 = -4*q - 0*q. Let x = q - 19. What are the prime factors of x?
2, 3
Let c(w) = 3*w + 2*w - 6 - 3*w. Let p be c(7). Suppose p = -5*f + 58. What are the prime factors of f?
2, 5
Let t = -59 - -75. What are the prime factors of t?
2
Let a = 6 - -3. Let j = -4 + a. Suppose 3*y - 2*q = -6*q + 38, 0 = -2*y - j*q + 37. What are the prime factors of y?
2, 3
Suppose 0 = n + 4*m - 20, -3*m = 3*n - 7*n - 15. Let c = 2 + n. Let w(a) = 6*a - 3. List the prime factors of w(c).
3
Let u be ((-27)/(-4))/(6/72). Suppose -3*h - 3 = 0, 0 = a - 5*a - 3*h + u. What are the prime factors of a?
3, 7
Let k(f) = f**2 - 13*f - 16. Let b be k(11). Let y = 63 + b. Suppose 0 = -9*q + 4*q + y. List the prime factors of q.
5
Let j be (-1 - -2)/((-2)/(-4)). Let r be (-2)/10 - 117/15. Let i = j - r. List the prime factors of i.
2, 5
Let y be (-2)/7 - (-384)/(-28). Let m be 290/(-14) - (-4)/y. Let n = -15 - m. What are the prime factors of n?
2, 3
Suppose -28*w = -23*w - 580. List the prime factors of w.
2, 29
Let i(x) = -3*x**3 - 3*x**2 - 5*x + 1. List the prime factors of i(-4).
3, 5, 11
Suppose -4*p + 182 = 3*o, -5*p - 164 = -3*o - 0*o. What are the prime factors of o?
2, 29
Suppose 2*z + 2 - 18 = 0. Suppose -3*g + 41 = z. List the prime factors of g.
11
Suppose -l + 27 = 4*r, 0 = 4*r + r - 3*l - 21. What are the prime factors of r?
2, 3
Let z be (-3 - -1)/(6/(-9)). Suppose 13 = -z*b - 5*r - 3, 5*r = 4*b - 37. List the prime factors of b.
3
Let m(c) = -c**2 + 5*c + 4. Let t be m(5). Let p(f) = -2*f - 1 + f**2 + 5 + 1. List the prime factors of p(t).
13
Let x(t) = -t**2 + t. Let u be x(0). Suppose u = -5*r - 0*r + 20. What are the prime factors of (r/6)/((-1)/(-15))?
2, 5
Let a(o) = 2*o**2 - 6*o - 1. Let r be a(-5). Let v = -51 + r. List the prime factors of v.
2, 7
Let c(z) be the third derivative of 1/12*z**4 + 0 - 1/3*z**3 + 1/30*z**5 - 1/120*z**6 + 3*z**2 + 0*z. List the prime factors of c(-2).
2, 5
Suppose 5*u - 3*v + 8*v - 50 = 0, u + 5*v = 26. What are the prime factors of 52/(-6)*(-9)/u?
13
Suppose -2*b - 25 = 2*h - 141, 3*h - 184 = -b. What are the prime factors of h?
3, 7
List the prime factors of (16/(-12) + 1/3)*-61.
61
Let i(f) = -1. Let s(r) = 10*r - 7. Let c(y) = 6*i(y) - s(y). Let u be c(-6). Suppose 4*h - 7 = -3*p + u, h - 37 = -2*p. List the prime factors of p.
2
Suppose 0*n = -n - 6. Let b be (1 - 0)/((-1)/(-11)). List the prime factors of -3*b*2/n.
11
Suppose 0 = -5*k + o + 19, -o + 11 = 5*k - 0. Suppose -97 = -3*v - 2*y, k*y + 0*y - 93 = -3*v. List the prime factors of v.
5, 7
Suppose 2*s - 664 = -2*s. List the prime factors of s.
2, 83
Suppose 0 = -4*q + 3*q. Suppose -4 = -2*j - q*j. Suppose j*s + 3 = 25. What are the prime factors of s?
11
Let p = 0 - -17. Let j = -11 + p. List the prime factors of j.
2, 3
Let c be (-6)/(-33) - 40/(-22). Suppose 0 = t + c - 5. Suppose -t*q - 8 + 26 = 0. List the prime factors of q.
2, 3
Let t(n) = 22*n - 105. List the prime factors of t(21).
